e?
False
Is 212925029 composite?
False
Is 4000988195 prime?
False
Is 6350719 prime?
True
Is 267541051 a composite number?
True
Is 42690535 composite?
True
Is 12915491 prime?
False
Is 808517 a composite number?
False
Is 17797042 a prime number?
False
Is 9821617 prime?
False
Is 6277661 composite?
True
Is 46233529 composite?
True
Is 13215439 a prime number?
True
Is 106958107 prime?
True
Is 76697 prime?
True
Is 159124463 composite?
False
Is 3141131563 a prime number?
True
Is 17251417 a composite number?
False
Is 2659483 prime?
True
Is 711349103 composite?
False
Is 5069033 composite?
False
Is 64846855 prime?
False
Is 3166721 a prime number?
True
Is 72857 a composite number?
True
Is 355361 composite?
False
Is 1515487 composite?
False
Is 655769 prime?
False
Is 2866109 a prime number?
True
Is 1715867 prime?
True
Is 27794665 prime?
False
Is 153991 composite?
False
Is 57192977 a prime number?
True
Is 757535 a composite number?
True
Is 728339 composite?
True
Is 584152651 a composite number?
True
Is 3212003 a prime number?
False
Is 22854427 prime?
False
Is 80711 a prime number?
False
Is 4407577 a prime number?
True
Is 341445451 a composite number?
True
Is 53613589 a composite number?
False
Is 60008671 prime?
True
Is 263067869 prime?
True
Is 559841801 a prime number?
True
Is 17991323 composite?
True
Is 32658271 prime?
True
Is 307079 a composite number?
False
Is 2524517 composite?
True
Is 1126037 composite?
True
Is 29264821 composite?
True
Is 78806613 a prime number?
False
Is 18450629 a composite number?
False
Is 308493233 a composite number?
True
Is 20808674 a prime number?
False
Is 931273 prime?
False
Is 142770581 a composite number?
False
Is 37143779 prime?
False
Is 252919 prime?
True
Is 437488507 a composite number?
True
Is 2613671 composite?
False
Is 4360907 a prime number?
True
Is 5249983 a composite number?
False
Is 1597229 a composite number?
False
Is 56438713 a prime number?
False
Is 24367897 a prime number?
False
Is 34108253 composite?
False
Is 17065657 prime?
False
Is 10209847 composite?
True
Is 68951881 composite?
True
Is 49675169 composite?
False
Is 310654933 prime?
False
Is 1133563 a composite number?
True
Is 841637 a composite number?
False
Is 456949 a composite number?
False
Is 21010711 a prime number?
True
Is 40070831 a prime number?
True
Is 104949029 a prime number?
True
Is 3667289 composite?
False
Is 318907 prime?
True
Is 16033451 composite?
True
Is 629981593 a prime number?
True
Is 189685477 composite?
False
Is 52502903 composite?
False
Is 874385 a composite number?
True
Is 79848503 a prime number?
False
Is 21487667 a prime number?
True
Is 28784137 composite?
True
Is 11420531 prime?
False
Is 57503711 a composite number?
False
Is 2608219 a composite number?
False
Is 653669 prime?
False
Is 9199514 a composite number?
True
Is 40810513 a composite number?
True
Is 29596477 composite?
False
Is 35201 a composite number?
False
Is 5449 a prime number?
True
Is 296939 composite?
True
Is 4194167 a prime number?
True
Is 27484069 prime?
True
Is 4480997 a prime number?
False
Is 3377 a composite number?
True
Is 4474999 a composite number?
False
Is 723529 a prime number?
True
Is 15933919 prime?
True
Is 24293767 prime?
False
Is 202346987 composite?
False
Is 114021311 composite?
True
Is 7885307 a prime number?
True
Is 323919487 a composite number?
False
Is 449298973 prime?
True
Is 5051867 a prime number?
False
Is 578239 composite?
True
Is 3916681 a prime number?
False
Is 217370353 a composite number?
False
Is 208111669 prime?
False
Is 17391911 composite?
False
Is 49144321 a composite number?
False
Is 15421 a composite number?
True
Is 282797803 a composite number?
False
Is 1413835 composite?
True
Is 41731061 prime?
True
Is 121272493 prime?
False
Is 41097557 prime?
False
Is 13630031 a composite number?
False
Is 49484117 prime?
True
Is 657738517 prime?
False
Is 132340163 composite?
False
Is 322550563 prime?
False
Is 701843 a prime number?
False
Is 20265121 a prime number?
True
Is 74244403 prime?
True
Is 252069357 a prime number?
False
Is 197628269 prime?
True
Is 884661 composite?
True
Is 134858071 composite?
False
Is 16225151 prime?
False
Is 248485 a prime number?
False
Is 137722681 prime?
True
Is 17028337 a prime number?
False
Is 16476653 a composite number?
False
Is 495240607 composite?
False
Is 8082199 a prime number?
True
Is 5444539 prime?
False
Is 12922589 a composite number?
True
Is 950593 a prime number?
False
Is 122806889 composite?
True
Is 87739 prime?
True
Is 136091537 a composite number?
False
Is 2782279 composite?
False
Is 10033473 a prime number?
False
Is 22251797 composite?
True
Is 131683679 prime?
False
Is 2334911 a composite number?
False
Is 139169 composite?
False
Is 774919 prime?
True
Is 369182587 a composite number?
False
Is 17315819 a composite number?
True
Is 17784199 prime?
True
Is 3232057 a composite number?
True
Is 1649041 a composite number?
True
Is 19876133 composite?
False
Is 1057081271 composite?
False
Is 30546662 a composite number?
True
Is 11706659 a prime number?
False
Is 499781 composite?
False
Is 15718223 composite?
True
Is 72385309 a prime number?
True
Is 161552245 a composite number?
True
Is 60145109 composite?
True
Is 190858319 a prime number?
True
Is 3288587 a prime number?
True
Is 3863971 prime?
True
Is 1578991 a composite number?
True
Is 11308741 composite?
True
Is 32255773 a prime number?
False
Is 1101013 prime?
False
Is 1548577 a prime number?
True
Is 10498513 prime?
True
Is 6272801 a prime number?
True
Is 245730671 a composite number?
True
Is 13536293 a composite number?
False
Is 665549 a prime number?
True
Is 3994327 a prime number?
False
Is 994351 composite?
True
Is 128680249 a prime number?
False
Is 92269 prime?
True
Is 8050999 composite?
True
Is 37386061 a prime number?
True
Is 908540931 a prime number?
False
Is 5094029 a composite number?
False
Is 4162789 composite?
True
Is 10372405 a prime number?
False
Is 9199331 a composite number?
False
Is 361302563 composite?
False
Is 220506329 a prime number?
True
Is 1872229 prime?
True
Is 6770377 composite?
True
Is 3232597 a prime number?
True
Is 1221319 a composite number?
True
Is 7008497 a prime number?
False
Is 54125723 prime?
True
Is 456947 a composite number?
True
Is 1229981 a prime number?
True
Is 8573951 a composite number?
False
Is 1086607 a prime number?
True
Is 3014917 a composite number?
True
Is 226712179 prime?
False
Is 2724517 prime?
False
Is 2221189 composite?
True
Is 31112029 a prime number?
False
Is 214299739 a composite number?
True
Is 186187283 a composite number?
True
Is 6881683 a composite number?
False
Is 23660827 prime?
False
Is 23360477 composite?
True
Is 149489 a composite number?
False
Is 9907349 a composite number?
False
Is 9600251 a prime number?
True
Is 21770041 a prime number?
False
Is 9741299 prime?
False
Is 2939483 prime?
False
Is 36669911 composite?
True
Is 70876259 composite?
False
Is 20938181 prime?
False
Is 87829129 a prime number?
True
Is 1168789 a prime number?
True
Is 27009833 prime?
True
Is 1679773 prime?
True
Is 12467753 a prime number?
False
Is 84825967 prime?
False
Is 726793 prime?
False
Is 91727 a prime number?
False
Is 22811981 a composite number?
False
Is 9409341 prime?
False
Is 1259987 prime?
False
Is 73001 prime?
False
Is 117661 composite?
True
Is 6818869 prime?
True
Is 174462209 composite?
False
Is 11640911 composite?
True
Is 1925887 a composite number?
True
Is 3468943 a composite number?
False
Is 1466723 composite?
True
Is 1238942 prime?
False
Is 1106539 prime?
False
Is 395064545 a prime number?
False
Is 12908777 a composite number?
True
Is 71411 composite?
False
Is 453041 composite?
True
Is 2111897 a prime number?
True
Is 70464221 composite?
False
Is 2063057 a composite number?
False
Is 172431113 prime?
False
Is 9609387 prime?
False
Is 43999 a prime number?
False
Is 7929697 a composite number?
True
Is 47584111 composite?
True
Is 12538531 composite?
True
Is 1537751 a prime number?
True
Is 481387859 composite?
True
Is 228677 a prime number?
True
Is 10977 a prime number?
False
Is 237127 composite?
True
Is 14256701 a prime number?
False
Is 18610639 a prime number?
True
Is 996103 composite?
False
Is 158523221 a composite number?
False
Is 80147863 composite?
False
Is 34023323 prime?
False
Is 50098909 a prime number?
False
Is